{"id":2,"date":"2025-04-22T16:28:04","date_gmt":"2025-04-22T14:28:04","guid":{"rendered":"http:\/\/sbenoitux.com\/?page_id=2"},"modified":"2025-05-02T14:54:07","modified_gmt":"2025-05-02T12:54:07","slug":"page-d-exemple","status":"publish","type":"page","link":"https:\/\/sbenoitux.com\/index.php\/page-d-exemple\/","title":{"rendered":"\u00c0 propos de moi :"},"content":{"rendered":"\n<div class=\"wp-block-media-text is-stacked-on-mobile has-background-color has-primary-background-color has-text-color has-background has-link-color wp-elements-ef3cb849eb6ba8f836e3beae9c38c274\"><figure class=\"wp-block-media-text__media\"><img loading=\"lazy\" decoding=\"async\" width=\"750\" height=\"989\" src=\"http:\/\/sbenoitux.com\/wp-content\/uploads\/2025\/05\/photo-sur-chaque-site-et-cv.jpg\" alt=\"\" class=\"wp-image-79 size-full\" srcset=\"https:\/\/sbenoitux.com\/wp-content\/uploads\/2025\/05\/photo-sur-chaque-site-et-cv.jpg 750w, https:\/\/sbenoitux.com\/wp-content\/uploads\/2025\/05\/photo-sur-chaque-site-et-cv-228x300.jpg 228w\" sizes=\"auto, (max-width: 750px) 100vw, 750px\" \/><\/figure><div class=\"wp-block-media-text__content\">\n<p>Apr\u00e8s 10 ans pass\u00e9s \u00e0 fa\u00e7onner les mots pour le web, je r\u00e9alise une formation UX Design propos\u00e9e par Google. Cette formation et mes premi\u00e8res exp\u00e9riences ont confirm\u00e9 ma passion et ont r\u00e9v\u00e9l\u00e9 mon potentiel pour concevoir des exp\u00e9riences utilisateurs intuitives et engageantes. Je suis pr\u00eate \u00e0 mettre mes atouts au service de votre projet. <\/p>\n<\/div><\/div>\n\n\n\n<hr class=\"wp-block-separator has-alpha-channel-opacity is-style-wide\"\/>\n\n\n\n<div class=\"wp-block-media-text has-media-on-the-right is-stacked-on-mobile has-background-color has-primary-background-color has-text-color has-background has-link-color wp-elements-8823fbfa4d8cc13bf4f1fe2882b8485c\"><div class=\"wp-block-media-text__content\">\n<p><a href=\"https:\/\/www.figma.com\/proto\/mQKwIf1HrB35ZctgAeBdMm\/Untitled?node-id=1-22&amp;t=rPocvWXpw6gjzQy2-1\">https:\/\/www.figma.com\/proto\/mQKwIf1HrB35ZctgAeBdMm\/Untitled?node-id=1-22&amp;t=rPocvWXpw6gjzQy2-1<\/a><\/p>\n<\/div><figure class=\"wp-block-media-text__media\"><img loading=\"lazy\" decoding=\"async\" width=\"488\" height=\"697\" src=\"http:\/\/sbenoitux.com\/wp-content\/uploads\/2025\/05\/CV-BENOIT-SARAH.png\" alt=\"\" class=\"wp-image-89 size-full\" srcset=\"https:\/\/sbenoitux.com\/wp-content\/uploads\/2025\/05\/CV-BENOIT-SARAH.png 488w, https:\/\/sbenoitux.com\/wp-content\/uploads\/2025\/05\/CV-BENOIT-SARAH-210x300.png 210w\" sizes=\"auto, (max-width: 488px) 100vw, 488px\" \/><\/figure><\/div>\n\n\n\n<p class=\"has-text-align-center has-foreground-color has-luminous-vivid-orange-background-color has-text-color has-background has-link-color has-x-large-font-size wp-elements-4c8a5126518dfb2504546b0bfaa58a1e\" style=\"margin-top:var(--wp--preset--spacing--30);margin-right:0;margin-bottom:var(--wp--preset--spacing--30);margin-left:0;padding-top:var(--wp--preset--spacing--30);padding-right:var(--wp--preset--spacing--30);padding-bottom:var(--wp--preset--spacing--30);padding-left:var(--wp--preset--spacing--30)\"><a href=\"mailto:sbenoitux@gmx.com\" target=\"_blank\" rel=\"noreferrer noopener\"><strong>sbenoitux@gmx.com<\/strong><\/a><\/p>\n\n\n\n<p><strong>Ce que mes premiers projets m&#8217;ont appris : <\/strong><\/p>\n\n\n\n<p>1. Respecter toutes les \u00e9tapes de la conception de l&#8217;exp\u00e9rience utilisateur pour concevoir un site pour une boutique de mat\u00e9riel de camping.<\/p>\n\n\n\n<p>&#8220;<em>J&#8217;ai rencontr\u00e9 des utilisateurs plus vari\u00e9s que ce \u00e0 quoi je m&#8217;attendais. La cr\u00e9ation de personas s&#8217;est r\u00e9v\u00e9l\u00e9e tr\u00e8s int\u00e9ressante. L&#8217;audit concurrentiel m&#8217;a permis de comprendre comment d\u00e9marquer la boutique de ses autres concurrents, en accord avec l&#8217;entreprise concern\u00e9e. J&#8217;ai appris qu&#8217;on peut toujours am\u00e9liorer son prototype, mais qu&#8217;il faut savoir s&#8217;arr\u00eater et transmettre son prototype.<\/em>&#8220;<\/p>\n\n\n\n<p>2. En association avec un d\u00e9veloppeur web, concevoir un site pour une entreprise de transport de v\u00e9hicule.<\/p>\n\n\n\n<p><em>&#8220;Les d\u00e9lais et budgets \u00e9taient tr\u00e8s limit\u00e9s. Les objectifs d&#8217;un parcours utilisateur simple et efficace avec un changement de sp\u00e9cialisation de l&#8217;entreprise ont \u00e9t\u00e9 atteints. J&#8217;ai appris que les demandes et attentes du client\/entreprise priment sur les r\u00e8gles du design.<\/em>&#8220;<\/p>\n\n\n\n<p><strong>Exemples : <\/strong><\/p>\n\n\n\n<ol class=\"wp-block-list\">\n<li><\/li>\n<\/ol>\n\n\n\n<div class=\"wp-block-media-text is-stacked-on-mobile\"><figure class=\"wp-block-media-text__media\"><img loading=\"lazy\" decoding=\"async\" width=\"1024\" height=\"546\" src=\"https:\/\/sbenoitux.com\/wp-content\/uploads\/2025\/05\/site-transport-1024x546.png\" alt=\"\" class=\"wp-image-54 size-full\" srcset=\"https:\/\/sbenoitux.com\/wp-content\/uploads\/2025\/05\/site-transport-1024x546.png 1024w, https:\/\/sbenoitux.com\/wp-content\/uploads\/2025\/05\/site-transport-300x160.png 300w, https:\/\/sbenoitux.com\/wp-content\/uploads\/2025\/05\/site-transport-768x409.png 768w, https:\/\/sbenoitux.com\/wp-content\/uploads\/2025\/05\/site-transport.png 1447w\" sizes=\"auto, (max-width: 1024px) 100vw, 1024px\" \/><\/figure><div class=\"wp-block-media-text__content\">\n<p>Les objectifs d&#8217;un parcours utilisateur simple et efficace ont \u00e9t\u00e9 atteints. Le rendu noir et dor\u00e9 correspond \u00e0 l&#8217;orientation dans le domaine du luxe, souhait\u00e9e par l&#8217;entreprise. <\/p>\n<\/div><\/div>\n\n\n\n<div class=\"wp-block-media-text is-stacked-on-mobile\"><figure class=\"wp-block-media-text__media\"><img loading=\"lazy\" decoding=\"async\" width=\"683\" height=\"793\" src=\"https:\/\/sbenoitux.com\/wp-content\/uploads\/2025\/05\/prototype-figma.png\" alt=\"\" class=\"wp-image-58 size-full\" srcset=\"https:\/\/sbenoitux.com\/wp-content\/uploads\/2025\/05\/prototype-figma.png 683w, https:\/\/sbenoitux.com\/wp-content\/uploads\/2025\/05\/prototype-figma-258x300.png 258w\" sizes=\"auto, (max-width: 683px) 100vw, 683px\" \/><\/figure><div class=\"wp-block-media-text__content\">\n<p>Le site a \u00e9t\u00e9 con\u00e7u pour mobile, car cela correspond aux besoins des utilisateurs. Cette approche mobile-first permet de se concentrer sur l&#8217;essentiel. L&#8217;utilisation du vert permet d&#8217;\u00e9voquer la nature. L&#8217;espace n\u00e9gatif ainsi que la r\u00e8gle de 60-30-10 ont permis un design \u00e9pur\u00e9. Les nouveaut\u00e9s permettent de cr\u00e9er de nouveaux besoins chez l&#8217;utilisateur.<\/p>\n<\/div><\/div>\n","protected":false},"excerpt":{"rendered":"<p>Apr\u00e8s 10 ans pass\u00e9s \u00e0 fa\u00e7onner les mots pour le web, je r\u00e9alise une formation UX Design propos\u00e9e par Google. Cette formation et mes premi\u00e8res exp\u00e9riences ont confirm\u00e9 ma passion et ont r\u00e9v\u00e9l\u00e9 mon potentiel pour concevoir des exp\u00e9riences utilisateurs intuitives et engageantes. Je suis pr\u00eate \u00e0 mettre mes atouts au service de votre projet. [&hellip;]<\/p>\n","protected":false},"author":1,"featured_media":0,"parent":0,"menu_order":0,"comment_status":"closed","ping_status":"open","template":"","meta":{"footnotes":""},"class_list":["post-2","page","type-page","status-publish","hentry"],"_links":{"self":[{"href":"https:\/\/sbenoitux.com\/index.php\/wp-json\/wp\/v2\/pages\/2","targetHints":{"allow":["GET"]}}],"collection":[{"href":"https:\/\/sbenoitux.com\/index.php\/wp-json\/wp\/v2\/pages"}],"about":[{"href":"https:\/\/sbenoitux.com\/index.php\/wp-json\/wp\/v2\/types\/page"}],"author":[{"embeddable":true,"href":"https:\/\/sbenoitux.com\/index.php\/wp-json\/wp\/v2\/users\/1"}],"replies":[{"embeddable":true,"href":"https:\/\/sbenoitux.com\/index.php\/wp-json\/wp\/v2\/comments?post=2"}],"version-history":[{"count":21,"href":"https:\/\/sbenoitux.com\/index.php\/wp-json\/wp\/v2\/pages\/2\/revisions"}],"predecessor-version":[{"id":104,"href":"https:\/\/sbenoitux.com\/index.php\/wp-json\/wp\/v2\/pages\/2\/revisions\/104"}],"wp:attachment":[{"href":"https:\/\/sbenoitux.com\/index.php\/wp-json\/wp\/v2\/media?parent=2"}],"curies":[{"name":"wp","href":"https:\/\/api.w.org\/{rel}","templated":true}]}}